. Let f be u(s). Suppose -10*c = -f*c - 790. List the prime factors of c.
79
Let h(c) = -3*c - 9. Let m(t) = -t**2 + 10*t - 9. Suppose -19 = -5*n + 36. Let y be m(n). List the prime factors of h(y).
3, 17
List the prime factors of ((-18)/(-8))/(-9 - 7059/(-784)).
2, 3, 7
Suppose -2*d + 1513 = 1229. Let h = 363 - d. List the prime factors of h.
13, 17
Suppose -9*h = -20 - 7. Suppose 18 = 6*y + h*y. Suppose 88 = -0*v + y*v. List the prime factors of v.
2, 11
Let w be 16/(-3) - (-5)/15. Let j = w - 537. Let a = j + 786. List the prime factors of a.
2, 61
Suppose 0 = -k + 2*k. Suppose k = s - 0*s - 4. Suppose 5*i + s + 82 = o, 0 = 5*o + 3*i - 402. What are the prime factors of o?
3
Let f be ((-2)/4)/(1/24). Let w(m) = -m**3 + 48*m**2 + 43*m - 398. Let t be w(49). What are the prime factors of t/f + 28/12 + -3?
3, 19
Let r = 1871 + -1262. Suppose 0 = -3*f + y + 1320, 3*f - 720 = 4*y + r. What are the prime factors of f?
439
Suppose -108 = -3*c + 192. What are the prime factors of 89/(4/c*5)?
5, 89
Suppose -2*f + 4*m - 26 = 0, 3*m - 11 = 1. Let z be (-15)/f + 156/3. Suppose z = h - 2*p, 4*h - 2*h - 131 = -3*p. List the prime factors of h.
61
Suppose 5*n - 20 = -60. Let r(f) = -20*f - 23. Let x(s) = 19*s + 23. Let y(q) = 5*r(q) + 4*x(q). What are the prime factors of y(n)?
13
Suppose 0 = 89*t - 71*t + 219*t - 2240598. List the prime factors of t.
2, 29, 163
Let l be 3/60*10 + 1598/4. Let s = -302 + l. List the prime factors of s.
2, 7
Let k(q) be the third derivative of -1/3*q**4 - 12*q**2 - 2/3*q**3 + 0 + 0*q. List the prime factors of k(-23).
2, 3, 5
List the prime factors of -1 - (30/(-6) + 2 - (-379000)/(-8)).
11, 59, 73
Let s = -5744 - -1070. List the prime factors of 94/329 + s/(-7).
2, 167
Let f(z) = 14*z + 5. Suppose -2*k - 7*k = -27. Suppose -21 = -4*i - k*i. What are the prime factors of f(i)?
47
Suppose 3*m = -4*s + 13 - 3, -2*m = -5*s + 1. Suppose 0*d = 2*d, 0 = -a + m*d + 4. Suppose 2*g + 142 = a*g. What are the prime factors of g?
71
Let b be (-16492)/6 - (-5)/(-15). Let h = 4029 + b. List the prime factors of h.
2, 5
Let y(z) = -20*z - 13*z + 273 + 17*z - 27*z - 319. List the prime factors of y(-14).
2, 139
Let j(b) = 511*b + 15 - 3 - 6 + 17. List the prime factors of j(1).
2, 3, 89
Let v(g) = g**2 + 4*g + 4. Let u be v(-4). Suppose -u*n = 69 + 35. What are the prime factors of (-888)/n + (-2)/13?
2, 17
Let n(b) = 31*b + 464. What are the prime factors of n(56)?
2, 5, 11
Let m = -825 - -366. Let g = 803 + m. Suppose 2*v + 378 = 5*u - g, 4*u = 3*v + 579. List the prime factors of u.
2, 3
Suppose 0 = -3*u - 0*u + 9. Suppose 0*s + u*s - 981 = 0. What are the prime factors of s?
3, 109
Suppose 103*f - 99*f = -2*b + 28736, -2*f - 2*b = -14370. List the prime factors of f.
11, 653
Suppose 0 = -165*c + 97*c + 99348. List the prime factors of c.
3, 487
Suppose 5*l - 46775 = -5*b, -5*l + 47*b - 45*b = -46726. List the prime factors of l.
2, 3, 19, 41
What are the prime factors of -622*((-382)/3)/((-4)/(-3))?
191, 311
Suppose 394*h = 401*h - 8596. Suppose -r = 3*a - h, 5*r - 3*a - a - 6140 = 0. List the prime factors of r.
2, 307
Let v(t) = t**3 - 34*t**2 + 64*t + 3. Let y be v(32). List the prime factors of 737 - (-8 + 11)/y.
2, 23
Suppose 22*i = -i - 5152. Suppose -w - 4 = 3*w. What are the prime factors of (i/(-10) - (-2)/(-5)) + w?
3, 7
Let q(y) = y**3 - 71*y**2 + 87*y - 797. List the prime factors of q(71).
2, 5, 269
Suppose 217*s = 221*s - 676. Let d = s - -245. What are the prime factors of d?
2, 3, 23
Suppose 0 = -4*u + 4*m - 51 + 135, -u + 2*m = -22. Let c = u - 17. Suppose c*j = 11*j - 16. What are the prime factors of j?
2
Suppose 2*p - 3*c - 52037 = 0, 146779 - 42694 = 4*p + 5*c. What are the prime factors of p?
2, 5, 1301
Let b(r) be the third derivative of -r**5/5 + 11*r**4/24 - 5*r**3/6 + 25*r**2. Let n be b(4). Let m = n - -288. What are the prime factors of m?
3, 5
Let f(a) = 176*a + 98. Suppose 9*w + 94 = 112. List the prime factors of f(w).
2, 3, 5
Let s be (-26)/(-13)*1/2 + -4. Let r be 112/6 - s - 1/(-3). Suppose 2*h = 40 + r. What are the prime factors of h?
31
Let k(u) = -1669*u - 31. List the prime factors of k(-7).
2, 3, 971
Suppose -6*i + i + 23760 = 0. Suppose i = 2*o + 3*w, -w - 3293 = -o - 927. Suppose -17*k + 1642 = -o. List the prime factors of k.
2, 59
Let v be (-540 - (-2 + 2))/((-6)/8). Suppose -c + 4*h = c - 312, -5*h + v = 5*c. Let f = -62 + c. What are the prime factors of f?
2, 43
Let q = 398 + -232. Let w = q - -206. Suppose 9*m - 3*m = w. What are the prime factors of m?
2, 31
Let p(a) = -a**3 - 2*a + 6. Let n be p(2). List the prime factors of -7 + (n - -5 - -301).
293
Let w = -240 - -144. Let o = w + 136. What are the prime factors of o?
2, 5
Suppose -101*s + 1577236 = -27*s. What are the prime factors of s?
2, 10657
Let u(d) = -22*d - 128. Let j be u(-6). Suppose -51*y + 81639 = -j*y. List the prime factors of y.
3, 193
Let g be 2 + ((-10)/5 - -3). Suppose 332 = 2*m + g*a, 0 = -2*m - a + 32 + 304. What are the prime factors of m?
13
Let w(q) = -q**3 - 5*q**2 - 6*q - 1. Let j be w(-4). Let d be (-2 - j/(-2))*-4. What are the prime factors of (d - -4)/2 - -244?
3
Suppose 2*d - 4*a - 244 - 98 = 0, -2*d + 350 = 4*a. Let z be -94 - (-18 - -22 - 18). Let l = z + d. List the prime factors of l.
3, 31
Let x = -157264 - -226652. What are the prime factors of x?
2, 11, 19, 83
Let p be ((2 - 1) + (1 - 0))*8. Suppose 0 = -4*n - 4*z + 441 + 359, 4*z = p. Suppose -d - n = -5*d. List the prime factors of d.
7
Let f = 77 + -67. Let h = -7 + f. Suppose 0 = 2*y - 2, h*v - 2*y = -y + 35. What are the prime factors of v?
2, 3
Suppose -543*z = -17430916 - 7836503. What are the prime factors of z?
3, 15511
Let i(g) = 2*g**2 - 4*g - 17. Let m be i(5). Suppose -m*a + 2240 = -8*a. What are the prime factors of a?
2, 7
Let w = 682 - -8612. List the prime factors of w.
2, 3, 1549
Suppose 3*m - 4*m - 3*l + 789 = 0, -5*m + 4*l + 3869 = 0. List the prime factors of (4 - m)*4/(-8)*2.
773
Let g be ((-399)/(-9))/(3/(-117)). Let p = -933 - g. What are the prime factors of p?
2, 199
Suppose -5*r - 2*f + 99 = -50, 5*f = 2*r - 48. Suppose 5*j - 1462 = -r*j. List the prime factors of j.
43
Suppose 83*p = 207*p - 1389420. List the prime factors of p.
3, 5, 83
Let d(r) = r**2 + 6*r - 459. List the prime factors of d(63).
2, 3
Let p(j) = j**2 - 12*j + 47. Let q be p(8). Suppose -3*d - 290 = -4*d - 2*t, -862 = -3*d - 4*t. Suppose -q*l + 9*l = -d. What are the prime factors of l?
47
Suppose h = -h + 1930. Let x = -437 - -440. Suppose -5*d = -4*b - h, 0 = 3*d + b - x*b - 581. List the prime factors of d.
197
Let n = 2744 + 237. List the prime factors of n.
11, 271
Let d = 13726 - 6958. List the prime factors of d.
2, 3, 47
Suppose n + 0 - 7 = 4*y, 0 = -5*n + y + 35. Suppose -5*q = -n*q + 8. Suppose q*k + b = 207, 5*b + 131 = 5*k - 3*k. List the prime factors of k.
53
Let o = 236 - 157. Let f = -81 + o. What are the prime factors of 45*(f - (-14)/5)?
2, 3
Let h = -1638 - -10381. List the prime factors of h.
7, 1249
Suppose 0 = 25*o - 148268 - 175132. List the prime factors of o.
2, 3, 7, 11
Let p(x) be the third derivative of x**6/60 - x**5/60 - x**4/12 + x**3/2 + 4*x**2. Let u be p(2). Suppose b - 3 = u. List the prime factors of b.
2, 7
Let g(p) be the first derivative of p**4/4 - 3*p**3 - 13*p**2/2 + 35*p + 20. Let s be g(10). Suppose s*y - 456 = 2*y. List the prime factors of y.
2, 19
Let c(n) = 2*n**2 - 3*n - 11. Let v be ((-4)/(-10)*5)/((-2)/7). Let l be c(v). Suppose -91 = -3*h + d, -5*h - 5*d + l + 77 = 0. What are the prime factors of h?
2
Suppose -146*v + 3783 = 2*s - 145*v, 2*s - 2*v = 3792. List the prime factors of s.
3, 631
Suppose -8 = 15*n - 17*n. Let z be (164/48 - 3)*39*n. Suppose -q + 301 = 3*v, 2*v - 154 - z = 3*q. List the prime factors of v.
2, 3, 17
Let a be 20/(-16)*108/(-45). Suppose -6 = 3*q, 5*f = a*q - 2*q + 2382. List the prime factors of f.
2, 7, 17
Let t(b) = -32*b + 84. Let v be t(5). Let r = 277 + v. What are the prime factors of r?
3, 67
Let p be ((-6)/(-4))/(3/(-942)). What are the prime factors of (-2)/(36/p) - 14/84?
2, 13
Suppose -5*n = -n - 8. Suppose -n*u + r + 492 = -650, 3*u - 1708 = 4*r. What are the prime factors of u?
2, 11, 13
Let s = -19204 + 22669. What are the prime factors of s?
3, 5, 7, 11
Su